8
Calculate the greatest common factor of 427 and 183.
61
What is the greatest common divisor of 17453 and 155?
31
Calculate the greatest common factor of 36 and 1116.
36
What is the highest common divisor of 25047 and 1452?
363
Calculate the greatest common divisor of 296 and 222.
74
What is the greatest common divisor of 18 and 15?
3
Calculate the greatest common factor of 165 and 1353.
33
What is the greatest common factor of 52 and 18460?
52
What is the highest common factor of 464 and 58?
58
What is the greatest common divisor of 41 and 369?
41
Calculate the greatest common divisor of 12 and 186.
6
Calculate the greatest common factor of 308 and 1276.
44
What is the highest common divisor of 186 and 2542?
62
What is the highest common divisor of 225 and 20?
5
What is the greatest common divisor of 2388 and 84?
12
What is the highest common divisor of 2080 and 2860?
260
Calculate the greatest common divisor of 133 and 285.
19
What is the highest common divisor of 5 and 55?
5
What is the highest common divisor of 118 and 944?
118
Calculate the greatest common factor of 195 and 240.
15
What is the greatest common divisor of 750 and 7950?
150
What is the greatest common divisor of 16 and 1?
1
What is the highest common factor of 35 and 140?
35
Calculate the greatest common divisor of 41405 and 245.
245
Calculate the greatest common factor of 1391 and 1177.
107
Calculate the highest common divisor of 27 and 3771.
9
Calculate the greatest common divisor of 38 and 323.
19
Calculate the highest common factor of 2 and 1894.
2
Calculate the greatest common divisor of 116 and 26564.
116
What is the greatest common factor of 1156 and 3?
1
Calculate the highest common factor of 2924 and 204.
68
What is the greatest common factor of 4392 and 72?
72
What is the greatest common divisor of 231 and 84?
21
Calculate the highest common divisor of 1160 and 406.
58
Calculate the highest common factor of 435 and 125.
5
What is the highest common divisor of 1080 and 80?
40
What is the highest common divisor of 230 and 46?
46
Calculate the greatest common divisor of 65 and 5.
5
Calculate the greatest common factor of 18 and 39762.
18
What is the greatest common divisor of 209 and 133?
19
What is the highest common divisor of 2 and 1957?
1
Calculate the highest common factor of 284 and 5041.
71
What is the highest common factor of 68 and 16?
4
Calculate the highest common divisor of 10 and 8.
2
What is the greatest common divisor of 485 and 10?
5
Calculate the greatest common factor of 1155 and 165.
165
What is the greatest common factor of 312 and 216?
24
Calculate the greatest common divisor of 33 and 3179.
11
What is the highest common divisor of 30 and 380?
10
Calculate the greatest common factor of 33 and 341.
11
Calculate the greatest common divisor of 13286 and 130.
26
What is the greatest common factor of 54 and 102?
6
Calculate the highest common factor of 658 and 14.
14
Calculate the highest common divisor of 741 and 627.
57
What is the greatest common divisor of 14 and 7?
7
What is the highest common divisor of 33 and 201?
3
Calculate the greatest common factor of 1 and 5323.
1
What is the highest common divisor of 2192 and 16?
16
Calculate the highest common factor of 333 and 481.
37
What is the highest common factor of 171 and 36?
9
What is the highest common divisor of 5166 and 6?
6
What is the highest common factor of 13 and 143?
13
What is the greatest common divisor of 5 and 545?
5
What is the highest common factor of 16 and 36?
4
Calculate the greatest common factor of 90 and 30120.
30
Calculate the greatest common divisor of 230 and 30.
10
What is the greatest common factor of 8 and 10672?
8
What is the greatest common divisor of 10 and 630?
10
What is the highest common divisor of 225 and 9?
9
What is the highest common divisor of 1470 and 1260?
210
What is the greatest common factor of 512 and 48?
16
What is the highest common divisor of 1369 and 555?
37
What is the greatest common factor of 20 and 28?
4
What is the highest common divisor of 158 and 12482?
158
Calculate the greatest common divisor of 80 and 370.
10
What is the highest common factor of 64 and 112?
16
Calculate the highest common divisor of 4110 and 600.
30
What is the greatest common divisor of 3345 and 15?
15
What is the highest common factor of 77 and 56?
7
Calculate the highest common factor of 3584 and 98.
14
What is the highest common factor of 66 and 174?
6
Calculate the highest common divisor of 80 and 40.
40
Calculate the highest common divisor of 30 and 168.
6
Calculate the greatest common divisor of 48 and 600.
24
Calculate the highest common factor of 109 and 109.
109
Calculate the greatest common factor of 7032 and 12.
12
What is the greatest common factor of 525 and 14525?
175
Calculate the greatest common factor of 115 and 4945.
115
Calculate the highest common factor of 30 and 850.
10
What is the greatest common divisor of 9 and 99?
9
Calculate the greatest common factor of 24 and 192.
24
What is the greatest common factor of 36 and 153?
9
What is the highest common divisor of 340 and 80?
20
Calculate the greatest common divisor of 48 and 7856.
16
Calculate the highest common divisor of 78 and 104.
26
What is the greatest common factor of 882 and 72?
18
What is the highest common divisor of 120 and 216?
24
Calculate the greatest common factor of 234 and 52.
26
Calculate the greatest common divisor of 946 and 44.
22
Calculate the highest common divisor of 5268 and 12.
12
Calculate the highest common factor of 14 and 301.
7
What is the greatest common factor of 237 and 5293?
79
What is the highest common divisor of 252 and 1692?
36
What is the highest common divisor of 897 and 1863?
69
What is the highest common divisor of 9380 and 60?
20
Calculate the greatest common factor of 230 and 414.
46
What is the highest common factor of 424 and 371?
53
What is the greatest common factor of 152 and 240?
8
What is the highest common divisor of 142 and 53534?
142
What is the greatest common divisor of 11 and 2442?
11
Calculate the highest common factor of 29 and 145.
29
Calculate the greatest common factor of 728 and 56.
56
Calculate the highest common divisor of 570 and 19.
19
What is the highest common divisor of 84 and 6?
6
What is the highest common factor of 6762 and 24?
6
Calculate the highest common divisor of 33 and 2937.
33
Calculate the highest common divisor of 245 and 35.
35
Calculate the greatest common factor of 1900 and 304.
76
Calculate the highest common divisor of 31655 and 65.
65
What is the highest common factor of 10 and 65?
5
Calculate the highest common factor of 5564 and 156.
52
What is the greatest common factor of 71 and 3337?
71
What is the highest common divisor of 3384 and 684?
36
What is the highest common divisor of 74 and 1628?
74
What is the greatest common factor of 612 and 4500?
36
Calculate the greatest common factor of 2 and 415.
1
What is the greatest common factor of 34 and 17?
17
Calculate the highest common factor of 517 and 55.
11
What is the greatest common divisor of 1 and 46?
1
What is the highest common divisor of 392 and 637?
49
Calculate the highest common divisor of 34 and 238.
34
What is the greatest common factor of 27 and 90?
9
Calculate the highest common divisor of 189 and 126.
63
Calculate the highest common factor of 115 and 184.
23
What is the greatest common factor of 7 and 347?
1
What is the greatest common divisor of 306 and 578?
34
What is the greatest common factor of 360 and 216?
72
Calculate the greatest common factor of 3055 and 481.
13
Calculate the highest common divisor of 120 and 168.
24
What is the highest common factor of 68 and 578?
34
Calculate the greatest common divisor of 7 and 9.
1
Calculate the highest common divisor of 1326 and 12.
6
Calculate the greatest common divisor of 14 and 182.
14
What is the greatest common divisor of 63 and 21?
21
What is the greatest common divisor of 42 and 308?
14
What is the highest common divisor of 1312 and 820?
164
What is the greatest common divisor of 741 and 78?
39
What is the greatest common divisor of 280 and 490?
70
Calculate the greatest common divisor of 28 and 1174.
2
What is the highest common factor of 64 and 2416?
16
What is the greatest common fa